)/12 + 1. What is the tens digit of 9 - -10 - f*b?
1
Suppose -3*w - 9 = -3*j - 2*w, 0 = 5*j - 3*w - 19. Suppose 0*u + j*u - 102 = 0. What is the tens digit of u?
5
Suppose -13 = 7*v - 34. Suppose 32 = 2*m + 4*c, 5*m = v*m + c + 57. What is the tens digit of m?
2
Suppose 2*d - 4908 = -2*d - 2*h, -5*d - 5*h = -6140. What is the thousands digit of d?
1
Suppose 2228 = 172*r - 170*r. What is the tens digit of r?
1
Let p(v) = -2*v**3 + 14*v**2 + 9*v - 4. Let u be p(8). Let m = 95 + u. What is the units digit of m?
5
Suppose -r - 20 = -23. Suppose 0 = -5*m + 2*x - 153 + 1509, r*m = -x + 807. What is the tens digit of m?
7
What is the units digit of -1 + 6*176/3?
1
Suppose 0 = 7*s - 5*s - 10, -4*p + 4*s - 20 = 0. Suppose p = -l - 10 + 276. What is the hundreds digit of l?
2
Suppose -2*w = -o - 35, 4 = o - 1. Let u = 329 - 343. Let k = u + w. What is the units digit of k?
6
Suppose 3*m + d = m + 3, -5*m = d. Let o = m - -13. Suppose -3*i = -i - o. What is the units digit of i?
6
Suppose 27*y = -3*q + 32*y + 6535, -2*y = -4*q + 8690. What is the tens digit of q?
7
Suppose -4*n - 60 = -4*a, -n - a + 4 = 19. What is the tens digit of (126/n)/((-9)/300)?
8
Suppose 4*k = 2*s - 2, s + s - 2 = 2*k. What is the hundreds digit of ((k + 2)*-5)/((-3)/42)?
1
Let h be 6/16 - 174/(-48). Suppose 129 = -h*g + 693. What is the units digit of g?
1
Suppose -1 = 2*g + 1. What is the units digit of (-2)/(-4*g/(-74))?
7
Let d(w) = 6*w**3 - 137*w**2 - 23*w + 7. What is the units digit of d(23)?
7
Suppose 1140 + 121 = 13*d. What is the tens digit of d?
9
Let b = 5782 - 1467. What is the thousands digit of b?
4
Let p(q) = 131*q**2 - 8*q - 3. What is the units digit of p(-3)?
0
Suppose -4*a + 3*a + b = 3, b = 0. Let u be ((-154)/4)/(a/12). What is the tens digit of (u/28)/((-2)/(-4))?
1
Let d(y) = -3*y - 22. Let o be d(-11). Let j be 24/9*6/4. Suppose j*h + 308 = o*h. What is the units digit of h?
4
Let n(b) = -4*b - 8. Let v be n(-3). Let l(q) = 27*q + 1. What is the units digit of l(v)?
9
What is the thousands digit of (10/6)/((-18)/54) + 1930?
1
Let c be -1*((-1)/(-2))/(1/(-34)). Suppose -z + 98 = c. What is the units digit of z?
1
Let k(j) = -17*j + 57. What is the tens digit of k(-12)?
6
Let b be 10/4 - 0 - 3/6. Let c(t) = 25*t**3 + 5*t**2 - 2*t + 2. What is the hundreds digit of c(b)?
2
Let m be 68 - ((-4)/4 + 1). Suppose -4*x + 316 = 2*j, 0*x - x + 5*j = -m. What is the tens digit of x?
7
Suppose 0 = 16*x - 39731 + 3603. What is the units digit of x?
8
Let o = -21 + 96. Let c = -130 + o. Let k = c - -78. What is the tens digit of k?
2
Let d be (-1)/(-2)*0/4. Suppose -8*p + 4*p + 256 = d. What is the units digit of p?
4
What is the tens digit of 12 + (-42)/7 + -6 - -1675?
7
Let d = -48 + 216. Suppose -2*a + 4*a - d = 0. What is the tens digit of a?
8
What is the tens digit of (4 + 0)/((-2)/(-102))?
0
Let f(s) = s + 6. Let z be f(-4). Suppose z*u - 140 = -4*x, 5*x - 3*u + 115 = 279. What is the tens digit of x?
3
Suppose -14 = -2*b - 3*a, -2*a - 2 = -3*a. Suppose -b*q = -q + 12. What is the tens digit of 1/q + (-423)/(-12)?
3
Let j = 58 - 54. Suppose j*t - 326 = 214. What is the hundreds digit of t?
1
Let a(t) = -7*t**3 + t**2 - 2*t - 10. What is the units digit of a(-5)?
0
Let l(c) = 3*c**2 - 17*c + 27. What is the hundreds digit of l(16)?
5
Let u(p) = -p**2 + p - 1. Let s(f) = f**2 + 16*f + 23. Let m(o) = s(o) - u(o). What is the tens digit of m(-12)?
3
Let d = -90 + 54. Let c = 14 + d. Let n = 34 + c. What is the tens digit of n?
1
Suppose 0 = -4*s + h - 28, 0 = 5*s - h + 2*h + 26. Let v be (-110)/(-3) - (-4)/s. Suppose z = -z + v. What is the units digit of z?
8
What is the hundreds digit of (-4630 - -8 - -3)/(-1)?
6
Let h = 68 + -3. Let i be 2/(-6) - h/(-15). What is the tens digit of 159/(-6)*(-8)/i?
5
Let z be 2 + 120 - (8 + -12). Suppose 5*p - 315 = 2*t, -3*p + z + 63 = 2*t. What is the units digit of p?
3
What is the hundreds digit of (-1)/4 + (26235/12)/5?
4
Suppose -5*r - 15*a + 6115 = -16*a, -2*a - 4892 = -4*r. What is the units digit of r?
3
Suppose -2*v = -4*g + 6212, 25*v - 27*v = 3*g - 4666. What is the thousands digit of g?
1
Suppose 3*n - 2*n = -3. What is the tens digit of (1 + n)*(412/(-8) + 3)?
9
Suppose 0*d = -d + 5*s - 8, 0 = 5*d + s - 12. Suppose -5*w + d*q + 57 = -q, 2*w - 14 = -q. Let j(y) = y**3 - 9*y**2 + y + 4. What is the units digit of j(w)?
3
Let o = 22 - 20. Suppose -v - 5 - 3 = 4*i, 0 = -5*v - i - o. Suppose -3*k = 2*f - 40 - 6, v = 5*f - 25. What is the units digit of k?
2
Let s be (0 - 0) + -7 + 13. Suppose -2*l = -3*u + 1, -l + s*u = u + 18. Suppose 2*x - 45 = -3*k, -x - 27 = -k - l. What is the tens digit of k?
1
Let q(m) be the second derivative of -m**6/720 - m**5/24 + m**4/3 - 3*m. Let f(r) be the third derivative of q(r). What is the units digit of f(-6)?
1
Let o(x) = 5*x + 64. What is the units digit of o(7)?
9
Let s(j) = -9*j + 30. Let a(m) = m**3 + m**2 + m - 9. Let x be a(0). What is the hundreds digit of s(x)?
1
Suppose -12*o + 15 = -7*o. Suppose d + 0 = -1, o*c - 3*d - 129 = 0. What is the tens digit of 354/10 + c/70?
3
Suppose -25*a + 5326 = -3474. What is the tens digit of a?
5
Let t = 2 + 9. Let z(c) = c**3 - 11*c**2 - 2*c + 6. Let u be z(t). What is the tens digit of (u/12)/(4/(-66))?
2
Suppose -5*g + 9*g - l - 2130 = 0, -3*g - l + 1601 = 0. What is the hundreds digit of g?
5
Let u be (-5 - -4)*-1 - (-5 + 1). Let h(t) = -t**3 + 2*t**2 + 7*t - 2. Let i be h(-5). Suppose 27 + i = u*f. What is the tens digit of f?
3
Let o(g) = -g**3 - 19*g**2 - 18*g + 28. Let r be o(-18). Suppose 3*u - 5*u + 28 = 0. Let f = r - u. What is the units digit of f?
4
Let z(o) = -5*o - 13. Let b be z(-10). Suppose b*i - 36*i = 76. What is the tens digit of i?
7
Let q be 3 - (-9 + 9)*1/2. Suppose -2*k + q*h = -134, k + 4*k = -5*h + 310. What is the tens digit of k?
6
Let z = 163 - 88. What is the tens digit of 8370/z + 6/(-10)?
1
Suppose 9 = 3*j + x - 4, 4*j - 3*x = 0. Let z = 2 + j. Suppose z*c = 7 + 43. What is the tens digit of c?
1
Let k(p) = 76 + 3 + 7 - p**3 - p**2. What is the units digit of k(0)?
6
Let u(m) = 11*m**3 - 4*m**2 + 2*m. Let j be u(3). Suppose f = -2*f + 5*v + 173, 3*v + j = 5*f. What is the units digit of f?
1
Let m be 2*140/(-8) - -3. Let d = 34 + m. Suppose 3*q + 2*g - 308 = -q, 8 = -d*g. What is the units digit of q?
9
Suppose -5*i + 3*y + 520 = -i, 4*y - 548 = -4*i. Let j = i - -41. What is the units digit of j?
4
Suppose l + 3*l - 47 = 3*t, -2*l - 4*t - 4 = 0. Suppose 6*x = 4 + l. Suppose x*a = -2*a + 104. What is the tens digit of a?
2
Let m be (-224)/(-8) + 2/1. Suppose 0 = -m*s + 28*s + 144. What is the units digit of s?
2
Suppose 834*h - 843*h = -9333. What is the hundreds digit of h?
0
Suppose -3*h = -5*d + 11, -h - 3*d = -0*h - 15. Let q be h + -2 - (-4)/2. Suppose 5*m = -5*v + 85, -q*m + m = 0. What is the units digit of v?
7
Let p = 130 - -80. Suppose -3*r - 2*y - 207 = -6*r, y + p = 3*r. What is the tens digit of r?
7
Let q(x) = -286*x**2 + 5*x + 1. Let k(l) = -1. Let g(b) = -5*k(b) - q(b). What is the hundreds digit of g(1)?
2
Let s be (-11 + 5)/((-3)/2). Suppose 0*q = -s*q + 108. What is the units digit of q?
7
Let h(w) = -w**3 - 8*w**2 - 2*w - 11. Let z be h(-8). Suppose 3*x - g = -2*x + 216, -x + 64 = z*g. What is the units digit of x?
4
Suppose 2*w - 48 = h, 25*h - 20*h + 42 = w. What is the units digit of w?
2
Suppose -47 = -5*h - 4*z, 5*h + 0*h + 5*z = 50. Let y(j) = 3 - 2 + 6*j**2 - h*j**2 - 9*j + 1. What is the tens digit of y(-6)?
2
Let f = 7 + 0. Let v(h) = 3*h**2 - 15*h + 5. What is the units digit of v(f)?
7
Let u = -19 - -21. Let i be u*(-1 - 732/(-8)). What is the tens digit of 4/(-20) - i/(-5)?
3
Let u(m) be the third derivative of 13*m**4/24 - m**3/2 + 2*m**2. Suppose t = 2*k - 3 + 15, 3*t + 8 = -5*k. What is the tens digit of u(t)?
4
Suppose -3*g - g + 3*q + 4 = 0, 0 = -4*g + 5*q + 12. Suppose -3*r - 22 = -2*a, 0 = 3*a - a - 4*r - 24. Let h = a - g. What is the units digit of h?
0
Let m = 17 - 21. What is the tens digit of m + 9 + -1 - -77?
8
Suppose u - 6378 = -5078. What is the tens digit of u?
0
Let c(w) = -7*w + 8 + 4*w**3 - 3*w**3 + 5*w**2 - 11 - 4. What is the units digit of c(-5)?
8
Suppose -3*f = -3*v + 2*f + 5852, 2*v - 3914 = -3*f. What is the units digit of v?
4
Let m = -527 + 607